{"id":56799,"date":"2025-07-12T13:01:19","date_gmt":"2025-07-12T11:01:19","guid":{"rendered":"https:\/\/noonsong.de\/event\/noonsong-event-2025-07-05\/"},"modified":"2025-07-12T13:01:19","modified_gmt":"2025-07-12T11:01:19","slug":"noonsong-event-2025-07-05","status":"publish","type":"tribe_events","link":"https:\/\/noonsong.de\/en\/event\/noonsong-event-2025-07-05\/","title":{"rendered":"723. NoonSong am 05.07.2025 um 12:00 Musik des Fr\u00fchbarock aus Dresden und Rom"},"content":{"rendered":"\n<div class=\"wp-block-group is-layout-constrained wp-block-group-is-layout-constrained\">\n\n<h2 class=\"wp-block-heading\">Programme<\/h2>\n\n\n\n<p>\n<strong>Organ prelude<\/strong>: Jan Pieterszoon Sweelinck (1562-1621): Fantasia sopra Psalm 116: Variation 1-2<br\/><strong>Preces<\/strong>: William Byrd (ca. 1540-1623): Preces &amp; Responses f\u00fcr f\u00fcnfstimmig gemischten Chor a cappella<br\/><strong>Psalm of the day<\/strong>: Psalm 33: Lodovico Viadana (1560-1627): Exsultate justi f\u00fcr verstimmig gemischten Chor a cappella<br\/><strong>Psalm of the week<\/strong>: Psalm 103: Heinrich Sch\u00fctz (1585-1672): Lobe den Herren, meine Seele (SWV 39) f\u00fcr Soli, zwei vierstimmige Ch\u00f6re und Continuo<br\/><strong>Responsorium<\/strong>: gregorianisch\n\n<br\/><strong>Canticle<\/strong>: Lodovico Viadana (1560-1627): Magnificat: Meine Seele preist die Gr\u00f6\u00dfe des Herrn f\u00fcr vierstimmig gemischten Chor a cappella<br\/><strong>Hymn<\/strong>: Hans Leo Ha\u00dfler (1564-1612): Allein zu Dir, Herr Jesu Christ f\u00fcr vierstimmig gemischten Chor a cappella<br\/><strong>Organ postlude<\/strong>: Jan Pieterszoon Sweelinck (1562-1621): Fantasia sopra Psalm 116: Variation 3-4<br\/><strong>Bible reading<\/strong>: Evangelium nach Lukas 15,1-3.11-32<\/p>\n\n\n\n<div style=\"height:30px\" aria-hidden=\"true\" class=\"wp-block-spacer\"><\/div>\n\n\n\n<blockquote class=\"wp-block-quote is-layout-flow wp-block-quote-is-layout-flow\" style=\"font-family:Playfair-Display\">\nLiturgy: 3. Sonntag nach Trinitatis<br>\nPfarrer: Martin Germer<br>\nOrganist: Jack Day<br>\nLocation: <a href=\"\/kontakt\/#anker-kommen-sie-vorbei\">Kirche am Hohenzollernplatz<\/a>\n<\/blockquote>\n\n<\/div>\n\n<div style=\"height:20px\" aria-hidden=\"true\" class=\"wp-block-spacer\"><\/div>\n\n\n\n<div class=\"wp-block-group is-layout-constrained wp-block-group-is-layout-constrained\">\n<h2 class=\"wp-block-heading\">Listen<\/h2>\n\n\n\n\n<p>Here you can listen to this NoonSong. If you&#8217;d like to listen to more NoonSongs recordings, please register.<\/p>\n\n<div class=\"um-locked-content\">\n\t<div class=\"um-locked-content-msg\">This content has been restricted to logged-in users only. Please <a href=\"https:\/\/noonsong.de\/en\/login-audio-archive\/?redirect_to=https%3A%2F%2Fnoonsong.de%2Fen%2Fwp-json%2Fwp%2Fv2%2Ftribe_events%2F56799\">log in<\/a> to view this content.<\/div>\n<\/div>\n<\/div>\n\n<div style=\"height:20px\" aria-hidden=\"true\" class=\"wp-block-spacer\"><\/div>\n\n\n\n<div class=\"wp-block-group is-layout-constrained wp-block-group-is-layout-constrained\">\n\n<h2 class=\"wp-block-heading\">Watch<\/h2>\n\n\n\n\n<p>Experience the recorded live-stream of this NoonSong.<\/p>\n\n\n\n\n\n<p>You&#8217;ll find many selected video recordings of NoonSongs and other concerts on our <a href=\"https:\/\/youtube.com\/sirventesberlin\" target=\"_blank\" rel=\"noreferrer noopener\">YouTube channel<\/a>.\n<\/p>\n\n\n\n\n<div style=\"height:1em\" aria-hidden=\"true\" class=\"wp-block-spacer\"><\/div>\n<div class=\"um-locked-content\">\n\t<div class=\"um-locked-content-msg\">This content has been restricted to logged-in users only. Please <a href=\"https:\/\/noonsong.de\/en\/login-audio-archive\/?redirect_to=https%3A%2F%2Fnoonsong.de%2Fen%2Fwp-json%2Fwp%2Fv2%2Ftribe_events%2F56799\">log in<\/a> to view this content.<\/div>\n<\/div>\n\n<div style=\"height:20px\" aria-hidden=\"true\" class=\"wp-block-spacer\"><\/div>\n\n<\/div>\n\n<div style=\"height:20px\" aria-hidden=\"true\" class=\"wp-block-spacer\"><\/div>\n\n\n\n<div class=\"wp-block-group is-layout-constrained wp-block-group-is-layout-constrained\">\n\n<h2 class=\"wp-block-heading\">Programme PDF<\/h2>\n\n\n\n\n<p>Read more about this NoonSong in the programme document.<\/p>\n\n\n\n\n<div style=\"height:1em\" aria-hidden=\"true\" class=\"wp-block-spacer\"><\/div>\n\n\n\n<figure class=\"wp-block-image aligncenter is-resized\">\n<a target=\"_blank\" rel=\"noopener noreferrer\" href=\"https:\/\/noonsong.de\/wp-content\/uploads\/2025\/07\/2025-07-05-Liturgie.pdf\">\n<img decoding=\"async\" src=\"https:\/\/noonsong.de\/wp-content\/uploads\/2025\/07\/2025-07-05-Liturgie-pdf.jpg\" alt=\"\" style=\"max-height:45em; max-width:61.8%\" \/>\n<br>\nPDF DOWNLOAD\n<\/a>\n<\/figure>\n\n\n\n<div style=\"height:20px\" aria-hidden=\"true\" class=\"wp-block-spacer\"><\/div>\n\n<\/div>\n\n<div style=\"height:50px\" aria-hidden=\"true\" class=\"wp-block-spacer\"><\/div>\n\n\n\n<p hidden>, , , Byrd, &#8230;; Byrd, W.; Byrd, Guil.; Byrd of Virginia, William; Berd, V.; Byred, William; Bird, William; Byrde, William, Concerti ecclesiastici op. 12. Exsultate justi, Viadana, Ludwig; Grossi, Ludovico; Viadana, Lodovico Grossi da; Viadana, L.; Viadana, Lodovico G. da; Vidadan, Ludovico; Grosso da Viadana, Ludovico; Viadana, Ludovicus; Viadana, Ludovico Grossi da; Viadana, Ludovico da; Grossi da Viadana, Ludovico; Viadana, Ludovico; Da Viadana, Lodovico; Grossi da Viadana, Ludovido; Da Viadana, Ludovico; Grossi da Viadana, Lodovico; Viadana, Lodovico da; Viadono, Ludovico Grossi; Viadana, Ludovico Grossi; Viadono, Ludovico, , Sch\u00fctz, Hinrich; Sch\u00fctz, Henricus; Sch\u00fctz, Heinrico; Sch\u00fctz, H.; Sch\u00fctze, Henrich; Sch\u00fctze, Heinrich; Schuetz, Heinrich; Schutz, Heinrich; Schuetz von Pfeilstadt, Henri; Sch\u00fczzius, Heinricus; Sch\u00fczze, Heinrich; Sch\u00fcz, Heinrich; Sch\u00fcz, Henricus; Sch\u00fctzius, Henricus; Sch\u00fctzen, Heinrich; Sch\u00fctzen, Henrich; Sch\u00fctz, Henrich; Sch\u00fctz; Sagittarius, Heinricus; Sagittario, Henrico; Sagittarius, Henricus; Sagittarius, Heinricus,; Sagitarius, Henricus; Saettario, Enrico; \u0160jutc, Genrich, , Viadana, Ludwig; Grossi, Ludovico; Viadana, Lodovico Grossi da; Viadana, L.; Viadana, Lodovico G. da; Vidadan, Ludovico; Grosso da Viadana, Ludovico; Viadana, Ludovicus; Viadana, Ludovico Grossi da; Viadana, Ludovico da; Grossi da Viadana, Ludovico; Viadana, Ludovico; Da Viadana, Lodovico; Grossi da Viadana, Ludovido; Da Viadana, Ludovico; Grossi da Viadana, Lodovico; Viadana, Lodovico da; Viadono, Ludovico Grossi; Viadana, Ludovico Grossi; Viadono, Ludovico, , Hassler, Hans Leo; Hassler, J. L.; Hasler, Jean Leo; Hasler, Hans Leo von; Hasler, Giovan Leo; Hasler, Ioannes Leo; Hasler, L.; Hasler, Hanns Leo; Hassler, Hans L.; Hasler, Hans L.; Hasler, Joanne Leone; Hasler, &#8230;; Hassler, Johann Leo; Hasler, Johann Leo; Hasler, Hans Leo; Hasler, Johannes Leo; Hasler, J. L.; Haslerus, Hans Leo; Hassler, H. L.; Hassler, L\u00e9o; Hassler, Hans Leo; Haslero, Joanne Leone, Psalmen, Tasteninstrument. Psalm 116, SwWV 313\nPsalm 116, Sweeling, Jan P.; Sweelinck, Jan P.; Sweelink, Jan P.; Sweelinck, &#8230;; Sweeling, Johan Peterssen; Swelingh, Jean Pierre; Sweelinck, Jan Peter; Sweling, Johan P.; Sweling, Johann P.; Sweling, Johan Peterssen; Sweling, Johann Peterssen; Swelingh, D. J.; Sweelinck, J. P.; Sweelinck, Jan Pieterszon; Sweelinck, Jan Pieterszn; Sweelinck, Jan Pieters; Sweelinck, Jan Pieter; Sweeling, Jan Pieterszoon; Zwelinck, Jan Pieterszoon; Sweelingh, Jan Pieterszoon; Sweling, Jan Pieterszoon; Swelingh, Jan Pieterszoon; Swelinck, Jan Pietersz.; Swelinck, Jan Pieterszoon; Sweelinck, Johann Peter, Psalmen, Tasteninstrument. Psalm 116, SwWV 313\nPsalm 116, Sweeling, Jan P.; Sweelinck, Jan P.; Sweelink, Jan P.; Sweelinck, &#8230;; Sweeling, Johan Peterssen; Swelingh, Jean Pierre; Sweelinck, Jan Peter; Sweling, Johan P.; Sweling, Johann P.; Sweling, Johan Peterssen; Sweling, Johann Peterssen; Swelingh, D. J.; Sweelinck, J. P.; Sweelinck, Jan Pieterszon; Sweelinck, Jan Pieterszn; Sweelinck, Jan Pieters; Sweelinck, Jan Pieter; Sweeling, Jan Pieterszoon; Zwelinck, Jan Pieterszoon; Sweelingh, Jan Pieterszoon; Sweling, Jan Pieterszoon; Swelingh, Jan Pieterszoon; Swelinck, Jan Pietersz.; Swelinck, Jan Pieterszoon; Sweelinck, Johann Peter, <\/p>\n\n","protected":false},"excerpt":{"rendered":"<p>Wie unterschiedlich die fr\u00fchbarocke geistliche Musik klingen kann, wird heute deutlich: Der Palestrina-Sch\u00fcler Viadana schreibt in Rom klangpr\u00e4chtige, dem\u00fctige Musik f\u00fcr den katholischen Gottesdienst, w\u00e4hrend der Protestant Sch\u00fctz im venezianischen Stil in der vollen Achtstimmigkeit und mit Solisten konzertiert.<\/p>\n","protected":false},"author":16,"featured_media":56788,"template":"","meta":{"_et_pb_use_builder":"","_et_pb_old_content":"","_et_gb_content_width":"","_tribe_events_status":"","_tribe_events_status_reason":"","footnotes":""},"tags":[169,135,195,312,113],"tribe_events_cat":[743,723,711,712,716,717,719,729,708,735,724,744,720],"class_list":["post-56799","tribe_events","type-tribe_events","status-publish","has-post-thumbnail","hentry","tag-hans-leo-hassler","tag-heinrich-schuetz","tag-jan-pieterszoon-sweelinck","tag-lodovico-viadana","tag-william-byrd","tribe_events_cat-audio","tribe_events_cat-barock","tribe_events_cat-berlin","tribe_events_cat-chor","tribe_events_cat-gottesdienst","tribe_events_cat-kirche","tribe_events_cat-konzert","tribe_events_cat-liturgie","tribe_events_cat-noonsong","tribe_events_cat-pdf","tribe_events_cat-renaissance","tribe_events_cat-video","tribe_events_cat-vokal","cat_audio","cat_barock","cat_berlin","cat_chor","cat_gottesdienst","cat_kirche","cat_konzert","cat_liturgie","cat_noonsong","cat_pdf","cat_renaissance","cat_video","cat_vokal"],"acf":[],"_links":{"self":[{"href":"https:\/\/noonsong.de\/en\/wp-json\/wp\/v2\/tribe_events\/56799","targetHints":{"allow":["GET"]}}],"collection":[{"href":"https:\/\/noonsong.de\/en\/wp-json\/wp\/v2\/tribe_events"}],"about":[{"href":"https:\/\/noonsong.de\/en\/wp-json\/wp\/v2\/types\/tribe_events"}],"author":[{"embeddable":true,"href":"https:\/\/noonsong.de\/en\/wp-json\/wp\/v2\/users\/16"}],"version-history":[{"count":7,"href":"https:\/\/noonsong.de\/en\/wp-json\/wp\/v2\/tribe_events\/56799\/revisions"}],"predecessor-version":[{"id":57582,"href":"https:\/\/noonsong.de\/en\/wp-json\/wp\/v2\/tribe_events\/56799\/revisions\/57582"}],"wp:featuredmedia":[{"embeddable":true,"href":"https:\/\/noonsong.de\/en\/wp-json\/wp\/v2\/media\/56788"}],"wp:attachment":[{"href":"https:\/\/noonsong.de\/en\/wp-json\/wp\/v2\/media?parent=56799"}],"wp:term":[{"taxonomy":"post_tag","embeddable":true,"href":"https:\/\/noonsong.de\/en\/wp-json\/wp\/v2\/tags?post=56799"},{"taxonomy":"tribe_events_cat","embeddable":true,"href":"https:\/\/noonsong.de\/en\/wp-json\/wp\/v2\/tribe_events_cat?post=56799"}],"curies":[{"name":"wp","href":"https:\/\/api.w.org\/{rel}","templated":true}]}}

723. NoonSong am 05.07.2025 um 12:00 Musik des Frühbarock aus Dresden und Rom

<div class="wp-block-group is-layout-constrained wp-block-group-is-layout-constrained">

<h2 class="wp-block-heading">Programme</h2>



<p>
<strong>Organ prelude</strong>: Jan Pieterszoon Sweelinck (1562-1621): Fantasia sopra Psalm 116: Variation 1-2<br/><strong>Preces</strong>: William Byrd (ca. 1540-1623): Preces &amp; Responses für fünfstimmig gemischten Chor a cappella<br/><strong>Psalm of the day</strong>: Psalm 33: Lodovico Viadana (1560-1627): Exsultate justi für verstimmig gemischten Chor a cappella<br/><strong>Psalm of the week</strong>: Psalm 103: Heinrich Schütz (1585-1672): Lobe den Herren, meine Seele (SWV 39) für Soli, zwei vierstimmige Chöre und Continuo<br/><strong>Responsorium</strong>: gregorianisch

<br/><strong>Canticle</strong>: Lodovico Viadana (1560-1627): Magnificat: Meine Seele preist die Größe des Herrn für vierstimmig gemischten Chor a cappella<br/><strong>Hymn</strong>: Hans Leo Haßler (1564-1612): Allein zu Dir, Herr Jesu Christ für vierstimmig gemischten Chor a cappella<br/><strong>Organ postlude</strong>: Jan Pieterszoon Sweelinck (1562-1621): Fantasia sopra Psalm 116: Variation 3-4<br/><strong>Bible reading</strong>: Evangelium nach Lukas 15,1-3.11-32</p>



<div style="height:30px" aria-hidden="true" class="wp-block-spacer"></div>



<blockquote class="wp-block-quote is-layout-flow wp-block-quote-is-layout-flow" style="font-family:Playfair-Display">
Liturgy: 3. Sonntag nach Trinitatis<br>
Pfarrer: Martin Germer<br>
Organist: Jack Day<br>
Location: <a href="/kontakt/#anker-kommen-sie-vorbei">Kirche am Hohenzollernplatz</a>
</blockquote>

</div>

<div style="height:20px" aria-hidden="true" class="wp-block-spacer"></div>



<div class="wp-block-group is-layout-constrained wp-block-group-is-layout-constrained">
<h2 class="wp-block-heading">Listen</h2>




<p>Here you can listen to this NoonSong. If you&#8217;d like to listen to more NoonSongs recordings, please register.</p>

<div class="um-locked-content">
	<div class="um-locked-content-msg">This content has been restricted to logged-in users only. Please <a href="https://noonsong.de/en/login-audio-archive/?redirect_to=https%3A%2F%2Fnoonsong.de%2Fen%2Fwp-json%2Fwp%2Fv2%2Ftribe_events%2F56799">log in</a> to view this content.</div>
</div>
</div>

<div style="height:20px" aria-hidden="true" class="wp-block-spacer"></div>



<div class="wp-block-group is-layout-constrained wp-block-group-is-layout-constrained">

<h2 class="wp-block-heading">Watch</h2>




<p>Experience the recorded live-stream of this NoonSong.</p>





<p>You&#8217;ll find many selected video recordings of NoonSongs and other concerts on our <a href="https://youtube.com/sirventesberlin" target="_blank" rel="noreferrer noopener">YouTube channel</a>.
</p>




<div style="height:1em" aria-hidden="true" class="wp-block-spacer"></div>
<div class="um-locked-content">
	<div class="um-locked-content-msg">This content has been restricted to logged-in users only. Please <a href="https://noonsong.de/en/login-audio-archive/?redirect_to=https%3A%2F%2Fnoonsong.de%2Fen%2Fwp-json%2Fwp%2Fv2%2Ftribe_events%2F56799">log in</a> to view this content.</div>
</div>

<div style="height:20px" aria-hidden="true" class="wp-block-spacer"></div>

</div>

<div style="height:20px" aria-hidden="true" class="wp-block-spacer"></div>



<div class="wp-block-group is-layout-constrained wp-block-group-is-layout-constrained">

<h2 class="wp-block-heading">Programme PDF</h2>




<p>Read more about this NoonSong in the programme document.</p>




<div style="height:1em" aria-hidden="true" class="wp-block-spacer"></div>



<figure class="wp-block-image aligncenter is-resized">
<a target="_blank" rel="noopener noreferrer" href="https://noonsong.de/wp-content/uploads/2025/07/2025-07-05-Liturgie.pdf">
<img decoding="async" src="https://noonsong.de/wp-content/uploads/2025/07/2025-07-05-Liturgie-pdf.jpg" alt="" style="max-height:45em; max-width:61.8%" />
<br>
PDF DOWNLOAD
</a>
</figure>



<div style="height:20px" aria-hidden="true" class="wp-block-spacer"></div>

</div>

<div style="height:50px" aria-hidden="true" class="wp-block-spacer"></div>



<p hidden>, , , Byrd, &#8230;; Byrd, W.; Byrd, Guil.; Byrd of Virginia, William; Berd, V.; Byred, William; Bird, William; Byrde, William, Concerti ecclesiastici op. 12. Exsultate justi, Viadana, Ludwig; Grossi, Ludovico; Viadana, Lodovico Grossi da; Viadana, L.; Viadana, Lodovico G. da; Vidadan, Ludovico; Grosso da Viadana, Ludovico; Viadana, Ludovicus; Viadana, Ludovico Grossi da; Viadana, Ludovico da; Grossi da Viadana, Ludovico; Viadana, Ludovico; Da Viadana, Lodovico; Grossi da Viadana, Ludovido; Da Viadana, Ludovico; Grossi da Viadana, Lodovico; Viadana, Lodovico da; Viadono, Ludovico Grossi; Viadana, Ludovico Grossi; Viadono, Ludovico, , Schütz, Hinrich; Schütz, Henricus; Schütz, Heinrico; Schütz, H.; Schütze, Henrich; Schütze, Heinrich; Schuetz, Heinrich; Schutz, Heinrich; Schuetz von Pfeilstadt, Henri; Schüzzius, Heinricus; Schüzze, Heinrich; Schüz, Heinrich; Schüz, Henricus; Schützius, Henricus; Schützen, Heinrich; Schützen, Henrich; Schütz, Henrich; Schütz; Sagittarius, Heinricus; Sagittario, Henrico; Sagittarius, Henricus; Sagittarius, Heinricus,; Sagitarius, Henricus; Saettario, Enrico; Šjutc, Genrich, , Viadana, Ludwig; Grossi, Ludovico; Viadana, Lodovico Grossi da; Viadana, L.; Viadana, Lodovico G. da; Vidadan, Ludovico; Grosso da Viadana, Ludovico; Viadana, Ludovicus; Viadana, Ludovico Grossi da; Viadana, Ludovico da; Grossi da Viadana, Ludovico; Viadana, Ludovico; Da Viadana, Lodovico; Grossi da Viadana, Ludovido; Da Viadana, Ludovico; Grossi da Viadana, Lodovico; Viadana, Lodovico da; Viadono, Ludovico Grossi; Viadana, Ludovico Grossi; Viadono, Ludovico, , Hassler, Hans Leo; Hassler, J. L.; Hasler, Jean Leo; Hasler, Hans Leo von; Hasler, Giovan Leo; Hasler, Ioannes Leo; Hasler, L.; Hasler, Hanns Leo; Hassler, Hans L.; Hasler, Hans L.; Hasler, Joanne Leone; Hasler, &#8230;; Hassler, Johann Leo; Hasler, Johann Leo; Hasler, Hans Leo; Hasler, Johannes Leo; Hasler, J. L.; Haslerus, Hans Leo; Hassler, H. L.; Hassler, Léo; Hassler, Hans Leo; Haslero, Joanne Leone, Psalmen, Tasteninstrument. Psalm 116, SwWV 313
Psalm 116, Sweeling, Jan P.; Sweelinck, Jan P.; Sweelink, Jan P.; Sweelinck, &#8230;; Sweeling, Johan Peterssen; Swelingh, Jean Pierre; Sweelinck, Jan Peter; Sweling, Johan P.; Sweling, Johann P.; Sweling, Johan Peterssen; Sweling, Johann Peterssen; Swelingh, D. J.; Sweelinck, J. P.; Sweelinck, Jan Pieterszon; Sweelinck, Jan Pieterszn; Sweelinck, Jan Pieters; Sweelinck, Jan Pieter; Sweeling, Jan Pieterszoon; Zwelinck, Jan Pieterszoon; Sweelingh, Jan Pieterszoon; Sweling, Jan Pieterszoon; Swelingh, Jan Pieterszoon; Swelinck, Jan Pietersz.; Swelinck, Jan Pieterszoon; Sweelinck, Johann Peter, Psalmen, Tasteninstrument. Psalm 116, SwWV 313
Psalm 116, Sweeling, Jan P.; Sweelinck, Jan P.; Sweelink, Jan P.; Sweelinck, &#8230;; Sweeling, Johan Peterssen; Swelingh, Jean Pierre; Sweelinck, Jan Peter; Sweling, Johan P.; Sweling, Johann P.; Sweling, Johan Peterssen; Sweling, Johann Peterssen; Swelingh, D. J.; Sweelinck, J. P.; Sweelinck, Jan Pieterszon; Sweelinck, Jan Pieterszn; Sweelinck, Jan Pieters; Sweelinck, Jan Pieter; Sweeling, Jan Pieterszoon; Zwelinck, Jan Pieterszoon; Sweelingh, Jan Pieterszoon; Sweling, Jan Pieterszoon; Swelingh, Jan Pieterszoon; Swelinck, Jan Pietersz.; Swelinck, Jan Pieterszoon; Sweelinck, Johann Peter, </p>

<p>Wie unterschiedlich die frühbarocke geistliche Musik klingen kann, wird heute deutlich: Der Palestrina-Schüler Viadana schreibt in Rom klangprächtige, demütige Musik für den katholischen Gottesdienst, während der Protestant Schütz im venezianischen Stil in der vollen Achtstimmigkeit und mit Solisten konzertiert.</p>
