{"id":57748,"date":"2025-11-30T03:00:49","date_gmt":"2025-11-30T02:00:49","guid":{"rendered":"https:\/\/noonsong.de\/event\/noonsong-event-2025-11-22\/"},"modified":"2025-11-30T03:00:49","modified_gmt":"2025-11-30T02:00:49","slug":"noonsong-event-2025-11-22","status":"publish","type":"tribe_events","link":"https:\/\/noonsong.de\/en\/event\/noonsong-event-2025-11-22\/","title":{"rendered":"738. NoonSong am 22.11.2025 um 12:00 Besinnliche Musik f\u00fcr Frauenchor"},"content":{"rendered":"\n<div class=\"wp-block-group is-layout-constrained wp-block-group-is-layout-constrained\">\n\n<h2 class=\"wp-block-heading\">Programme<\/h2>\n\n\n\n<p>\n<strong>Organ prelude<\/strong>: Ernest Bloch (1880-1959): Processional aus &quot;Six Preludes for Organ&quot;<br\/><strong>Preces<\/strong>: William Armiger (*1939): Preces &amp; Responses f\u00fcr dreistimmigen Frauenchor a cappella<br\/><strong>Psalm of the day<\/strong>: Psalm 62: Max Gulbins (1862-1932): Psalm 62, op. 109,2 f\u00fcr dreistimmiger Frauenchor und Orgel<br\/><strong>Psalm of the week<\/strong>: Psalm 126: Carl Reinecke (1824-1910): Der 126. Psalm f\u00fcr Frauenchor mit Klavier<br\/><strong>Responsorium<\/strong>: gregorianisch\n\n<br\/><strong>Canticle<\/strong>: Giovanni Pierluigi da Palestrina (1525-1594): Magnificat quarti toni f\u00fcr vierstimmigen Frauenchor a cappella<br\/><strong>Hymn<\/strong>: Johannes Maria Mosler (1912-2007): Wachet auf f\u00fcr vierstimmigen Frauenchor a cappella<br\/><strong>Organ postlude<\/strong>: Johann Sebastian Bach (1685-1750): Wachet auf, ruft uns die Stimme (BWV 645), aus den Sch\u00fcbler-Chor\u00e4len<br\/><strong>Bible reading<\/strong>: Evangelium nach Matth\u00e4us 25,1-13<\/p>\n\n\n\n<div style=\"height:30px\" aria-hidden=\"true\" class=\"wp-block-spacer\"><\/div>\n\n\n\n<blockquote class=\"wp-block-quote is-layout-flow wp-block-quote-is-layout-flow\" style=\"font-family:Playfair-Display\">\nLiturgy: Letzter Sonntag im Kirchenjahr<br>\nPfarrerin: Claudia W\u00fcstenhagen<br>\nOrganist: Vladimir Magalashvili<br>\nLocation: <a href=\"\/kontakt\/#anker-kommen-sie-vorbei\">Kirche am Hohenzollernplatz<\/a>\n<\/blockquote>\n\n<\/div>\n\n<div style=\"height:20px\" aria-hidden=\"true\" class=\"wp-block-spacer\"><\/div>\n\n\n\n<div class=\"wp-block-group is-layout-constrained wp-block-group-is-layout-constrained\">\n<h2 class=\"wp-block-heading\">Listen<\/h2>\n\n\n\n\n<p>Here you can listen to this NoonSong. If you&#8217;d like to listen to more NoonSongs recordings, please register.<\/p>\n\n<div class=\"um-locked-content\">\n\t<div class=\"um-locked-content-msg\">This content has been restricted to logged-in users only. Please <a href=\"https:\/\/noonsong.de\/en\/login-audio-archive\/?redirect_to=https%3A%2F%2Fnoonsong.de%2Fen%2Fwp-json%2Fwp%2Fv2%2Ftribe_events%2F57748\">log in<\/a> to view this content.<\/div>\n<\/div>\n<\/div>\n\n<div style=\"height:20px\" aria-hidden=\"true\" class=\"wp-block-spacer\"><\/div>\n\n\n\n<div class=\"wp-block-group is-layout-constrained wp-block-group-is-layout-constrained\">\n\n<h2 class=\"wp-block-heading\">Watch<\/h2>\n\n\n\n\n<p>Experience the recorded live-stream of this NoonSong.<\/p>\n\n\n\n\n\n<p>You&#8217;ll find many selected video recordings of NoonSongs and other concerts on our <a href=\"https:\/\/youtube.com\/sirventesberlin\" target=\"_blank\" rel=\"noreferrer noopener\">YouTube channel<\/a>.\n<\/p>\n\n\n\n\n<div style=\"height:1em\" aria-hidden=\"true\" class=\"wp-block-spacer\"><\/div>\n<div class=\"um-locked-content\">\n\t<div class=\"um-locked-content-msg\">This content has been restricted to logged-in users only. Please <a href=\"https:\/\/noonsong.de\/en\/login-audio-archive\/?redirect_to=https%3A%2F%2Fnoonsong.de%2Fen%2Fwp-json%2Fwp%2Fv2%2Ftribe_events%2F57748\">log in<\/a> to view this content.<\/div>\n<\/div>\n\n<div style=\"height:20px\" aria-hidden=\"true\" class=\"wp-block-spacer\"><\/div>\n\n<\/div>\n\n<div style=\"height:20px\" aria-hidden=\"true\" class=\"wp-block-spacer\"><\/div>\n\n\n\n<div class=\"wp-block-group is-layout-constrained wp-block-group-is-layout-constrained\">\n\n<h2 class=\"wp-block-heading\">Programme PDF<\/h2>\n\n\n\n\n<p>Read more about this NoonSong in the programme document.<\/p>\n\n\n\n\n<div style=\"height:1em\" aria-hidden=\"true\" class=\"wp-block-spacer\"><\/div>\n\n\n\n<figure class=\"wp-block-image aligncenter is-resized\">\n<a target=\"_blank\" rel=\"noopener noreferrer\" href=\"https:\/\/noonsong.de\/wp-content\/uploads\/2025\/11\/2025-11-22-Liturgie.pdf\">\n<img decoding=\"async\" src=\"https:\/\/noonsong.de\/wp-content\/uploads\/2025\/11\/2025-11-22-Liturgie-pdf.jpg\" alt=\"\" style=\"max-height:45em; max-width:61.8%\" \/>\n<br>\nPDF DOWNLOAD\n<\/a>\n<\/figure>\n\n\n\n<div style=\"height:20px\" aria-hidden=\"true\" class=\"wp-block-spacer\"><\/div>\n\n<\/div>\n\n<div style=\"height:50px\" aria-hidden=\"true\" class=\"wp-block-spacer\"><\/div>\n\n\n\n<p hidden>, , , , Psalmen. Meine Seele ist stille zu Gott\nPsalmen &lt;Meine Seele ist stille zu Gott&gt;\nMeine Seele ist stille zu Gott \nPsalm 62\nop. 109,2, , , Reinecke, Carl; Reinecke, Carl Heinrich Carsten; Grove, W. te; Reinecke; Reinecke, Charles; Reinecke, Karl Heinrich Karsten; Reinecke, Carl H.; Reinecke, Carolo; Reinecke, Karl Heinrich Carsten; Reinecke, Karl; Reinicke, Carl; Reinecke, Carl Heinrich; Rejneke, K., , Palestrina, Giov. Pierluigi da; Palestrina, G. Pierluigi da; Palestrina, G. P. da; Palestrina, G.P. da; Palestrina, Giovanni Pierluigi; Palestrina, Giovanni Pietro; Palestrina, Giovanni Petraloysio; Palestrina, Giovanni L.; Palestrina, Giovanni; Palestrina, G. P.; Palestrina, G.P.; Palestrina, Giovanni da; Palestrina, Giovanno; Palestrina, C. P. da; Palestrina, C.P. da; Palestrina, Jean Pierluigi de; Palestrina, J. P.; Palestrina, J.P.; Palestrina, Joachim; Palestrina, Petrus Aloysius; Palestrina, Petrus A.; Palestrina, Pierluigi da; Palestrina, Pier Luigi; Palestrina, P. L. da; Palestrina, P.L. da; Palestrina; Pal\u00e4strina, G.; Palestrino, Joannes P.; Praenestinius, Ioannes P.; Praenestinius, Joannes Petraloysius; Praenestinus, Joann Petraloysius; Praenestinius, Joannes P.; Praenestino, Joanne Petraloysio; Praenestino, Joanne Petro Aloysio; Praenestino, Joannis P.; Praenestino, Petro Aloysio; Praenestinus, Ioannes P.; Praenestinus, Joannes Petraloysius; Praenestinus, Jo. Petraloysius; Praenestinus, Joannes P.; Praenestinus, Joann. P.; Praenestinus, Joannes Petrus Aloysius; Pr\u00e6nestinus, Ioan. Petraloysius; Pr\u00e6nestinus, Ioannes Aloysius; Pr\u00e6nestinus, Johannes Petrus Aloysius; Prenestino, Giovanni Pierluigi da; Prenestino, Giovanni Pietro Aloysio; Prenestinus, Giovanni P.; Prenestinus, Petrus Aloysius; Pierluigi, Giovanni; Pierluigi da Palestrina, Giovanni; Da Palestrina, Giovanni Pierluigi; Da Palestrina, Pierluigi; DaPalestrina, Giovanni Pierluigi; Giannetto; Sante da Palestrina, Pier Luigi, , , Pr\u00e4ludien, Orgel (1949)\nPreludes, Orgel (1949), Bloch, Ernst, Chor\u00e4le von verschiedener Art &#8230;. Wachet auf, ruft uns die Stimme\nChor\u00e4le von verschiedener Art. Wachet auf, ruft uns die Stimme\nWachet auf, ruft uns die Stimme (Choralbearbeitung), BWV 645\nSch\u00fcbler-Chor\u00e4le, BWV 645\nChor\u00e4le von verschiedener Art &#8230; &lt;Wachet auf, ruft uns die Stimme&gt;\nChor\u00e4le von verschiedener Art BWV 645 &#8211; 650. Wachet auf, ruft uns die Stimme\nSleepers wake, loud sounds the warning, Bach; Bach, G. S.; Bach, Iogann Sebast\u02b9jan; Bach, Joh. Sebastian; Bach, Giov. Sebast.; Bach, Jean Sebastien; Bach, Jean Sebastian; Bach, J. Seb.; Bach, Sebastiano; Bach, John Sebastian; Bach, Iogann S.; Bach, Iogann Sebast&#x27;jan; Bach, Iogann Sebastian; Bach, Giovanni Sebastian; Bach, Johan Sebastian; Bach, Joannes Sebastianus; Bach, Giov. Seb.; Bach, Giovanni S.; B\u0101\u1e35, J\u014dh\u0101n Seba\u1e63t\u012b&#x27;\u0101n; Bach, I. S.; Bach, J.-S.; Bach, Giovanni Sebastiano; Bach, Jean-Sebastien; Bach, Sebastian; Bach, Jan Sebastian; Bach, J. S.; Bach, Johann-Sebastian; Bach, Jean S.; Bach, Johannes S.; Bach, Johannes Sebastian; Bach, Joh. Seb.; Bach, Joh.-Seb.; Bach, Joh. Sebas.; Bach, Johann Seb.; Bach, Joh. Sebast.; Bach, Johann S.; Bach, Iogann Sebastjan; Bach, Jean S\u00e9bastien; Bach, Jean-S\u00e9bastien; Bach, Johann; Bakh, Iogann Sebastian, <\/p>\n\n","protected":false},"excerpt":{"rendered":"<p>Erst als Frauen als Chors\u00e4ngerinnen im Gottesdienst zugelassen wurden, also erst ab dem 19. Jahrhundert, entstanden vermehrt geistliche Kompositionen f\u00fcr Frauenchor. W\u00e4hrend die deutschen Romantiker dem schwebenden Klang der Oberstimmen durch das hinzugef\u00fcgte Klavier eine Basis verleihen, zielt Palestrinas Komposition f\u00fcr vier Oberstimmen bewu\u00dft auf einen \u00e4therischen, himmlischen Klang ab.<\/p>\n","protected":false},"author":16,"featured_media":57736,"template":"","meta":{"_et_pb_use_builder":"","_et_pb_old_content":"","_et_gb_content_width":"","_tribe_events_status":"","_tribe_events_status_reason":"","footnotes":""},"tags":[568,297,289,105,863,328,526],"tribe_events_cat":[722,743,723,711,712,716,717,719,729,708,735,724,725,744,720],"class_list":["post-57748","tribe_events","type-tribe_events","status-publish","has-post-thumbnail","hentry","tag-carl-reinecke","tag-ernest-bloch","tag-giovanni-pierluigi-da-palestrina","tag-johann-sebastian-bach","tag-johannes-maria-mosler","tag-max-gulbins","tag-william-armiger","tribe_events_cat-20-jahrhundert","tribe_events_cat-audio","tribe_events_cat-barock","tribe_events_cat-berlin","tribe_events_cat-chor","tribe_events_cat-gottesdienst","tribe_events_cat-kirche","tribe_events_cat-konzert","tribe_events_cat-liturgie","tribe_events_cat-noonsong","tribe_events_cat-pdf","tribe_events_cat-renaissance","tribe_events_cat-romantik","tribe_events_cat-video","tribe_events_cat-vokal","cat_20-jahrhundert","cat_audio","cat_barock","cat_berlin","cat_chor","cat_gottesdienst","cat_kirche","cat_konzert","cat_liturgie","cat_noonsong","cat_pdf","cat_renaissance","cat_romantik","cat_video","cat_vokal"],"acf":[],"_links":{"self":[{"href":"https:\/\/noonsong.de\/en\/wp-json\/wp\/v2\/tribe_events\/57748","targetHints":{"allow":["GET"]}}],"collection":[{"href":"https:\/\/noonsong.de\/en\/wp-json\/wp\/v2\/tribe_events"}],"about":[{"href":"https:\/\/noonsong.de\/en\/wp-json\/wp\/v2\/types\/tribe_events"}],"author":[{"embeddable":true,"href":"https:\/\/noonsong.de\/en\/wp-json\/wp\/v2\/users\/16"}],"version-history":[{"count":8,"href":"https:\/\/noonsong.de\/en\/wp-json\/wp\/v2\/tribe_events\/57748\/revisions"}],"predecessor-version":[{"id":58279,"href":"https:\/\/noonsong.de\/en\/wp-json\/wp\/v2\/tribe_events\/57748\/revisions\/58279"}],"wp:featuredmedia":[{"embeddable":true,"href":"https:\/\/noonsong.de\/en\/wp-json\/wp\/v2\/media\/57736"}],"wp:attachment":[{"href":"https:\/\/noonsong.de\/en\/wp-json\/wp\/v2\/media?parent=57748"}],"wp:term":[{"taxonomy":"post_tag","embeddable":true,"href":"https:\/\/noonsong.de\/en\/wp-json\/wp\/v2\/tags?post=57748"},{"taxonomy":"tribe_events_cat","embeddable":true,"href":"https:\/\/noonsong.de\/en\/wp-json\/wp\/v2\/tribe_events_cat?post=57748"}],"curies":[{"name":"wp","href":"https:\/\/api.w.org\/{rel}","templated":true}]}}

738. NoonSong am 22.11.2025 um 12:00 Besinnliche Musik für Frauenchor

<div class="wp-block-group is-layout-constrained wp-block-group-is-layout-constrained">

<h2 class="wp-block-heading">Programme</h2>



<p>
<strong>Organ prelude</strong>: Ernest Bloch (1880-1959): Processional aus &quot;Six Preludes for Organ&quot;<br/><strong>Preces</strong>: William Armiger (*1939): Preces &amp; Responses für dreistimmigen Frauenchor a cappella<br/><strong>Psalm of the day</strong>: Psalm 62: Max Gulbins (1862-1932): Psalm 62, op. 109,2 für dreistimmiger Frauenchor und Orgel<br/><strong>Psalm of the week</strong>: Psalm 126: Carl Reinecke (1824-1910): Der 126. Psalm für Frauenchor mit Klavier<br/><strong>Responsorium</strong>: gregorianisch

<br/><strong>Canticle</strong>: Giovanni Pierluigi da Palestrina (1525-1594): Magnificat quarti toni für vierstimmigen Frauenchor a cappella<br/><strong>Hymn</strong>: Johannes Maria Mosler (1912-2007): Wachet auf für vierstimmigen Frauenchor a cappella<br/><strong>Organ postlude</strong>: Johann Sebastian Bach (1685-1750): Wachet auf, ruft uns die Stimme (BWV 645), aus den Schübler-Chorälen<br/><strong>Bible reading</strong>: Evangelium nach Matthäus 25,1-13</p>



<div style="height:30px" aria-hidden="true" class="wp-block-spacer"></div>



<blockquote class="wp-block-quote is-layout-flow wp-block-quote-is-layout-flow" style="font-family:Playfair-Display">
Liturgy: Letzter Sonntag im Kirchenjahr<br>
Pfarrerin: Claudia Wüstenhagen<br>
Organist: Vladimir Magalashvili<br>
Location: <a href="/kontakt/#anker-kommen-sie-vorbei">Kirche am Hohenzollernplatz</a>
</blockquote>

</div>

<div style="height:20px" aria-hidden="true" class="wp-block-spacer"></div>



<div class="wp-block-group is-layout-constrained wp-block-group-is-layout-constrained">
<h2 class="wp-block-heading">Listen</h2>




<p>Here you can listen to this NoonSong. If you&#8217;d like to listen to more NoonSongs recordings, please register.</p>

<div class="um-locked-content">
	<div class="um-locked-content-msg">This content has been restricted to logged-in users only. Please <a href="https://noonsong.de/en/login-audio-archive/?redirect_to=https%3A%2F%2Fnoonsong.de%2Fen%2Fwp-json%2Fwp%2Fv2%2Ftribe_events%2F57748">log in</a> to view this content.</div>
</div>
</div>

<div style="height:20px" aria-hidden="true" class="wp-block-spacer"></div>



<div class="wp-block-group is-layout-constrained wp-block-group-is-layout-constrained">

<h2 class="wp-block-heading">Watch</h2>




<p>Experience the recorded live-stream of this NoonSong.</p>





<p>You&#8217;ll find many selected video recordings of NoonSongs and other concerts on our <a href="https://youtube.com/sirventesberlin" target="_blank" rel="noreferrer noopener">YouTube channel</a>.
</p>




<div style="height:1em" aria-hidden="true" class="wp-block-spacer"></div>
<div class="um-locked-content">
	<div class="um-locked-content-msg">This content has been restricted to logged-in users only. Please <a href="https://noonsong.de/en/login-audio-archive/?redirect_to=https%3A%2F%2Fnoonsong.de%2Fen%2Fwp-json%2Fwp%2Fv2%2Ftribe_events%2F57748">log in</a> to view this content.</div>
</div>

<div style="height:20px" aria-hidden="true" class="wp-block-spacer"></div>

</div>

<div style="height:20px" aria-hidden="true" class="wp-block-spacer"></div>



<div class="wp-block-group is-layout-constrained wp-block-group-is-layout-constrained">

<h2 class="wp-block-heading">Programme PDF</h2>




<p>Read more about this NoonSong in the programme document.</p>




<div style="height:1em" aria-hidden="true" class="wp-block-spacer"></div>



<figure class="wp-block-image aligncenter is-resized">
<a target="_blank" rel="noopener noreferrer" href="https://noonsong.de/wp-content/uploads/2025/11/2025-11-22-Liturgie.pdf">
<img decoding="async" src="https://noonsong.de/wp-content/uploads/2025/11/2025-11-22-Liturgie-pdf.jpg" alt="" style="max-height:45em; max-width:61.8%" />
<br>
PDF DOWNLOAD
</a>
</figure>



<div style="height:20px" aria-hidden="true" class="wp-block-spacer"></div>

</div>

<div style="height:50px" aria-hidden="true" class="wp-block-spacer"></div>



<p hidden>, , , , Psalmen. Meine Seele ist stille zu Gott
Psalmen &lt;Meine Seele ist stille zu Gott&gt;
Meine Seele ist stille zu Gott 
Psalm 62
op. 109,2, , , Reinecke, Carl; Reinecke, Carl Heinrich Carsten; Grove, W. te; Reinecke; Reinecke, Charles; Reinecke, Karl Heinrich Karsten; Reinecke, Carl H.; Reinecke, Carolo; Reinecke, Karl Heinrich Carsten; Reinecke, Karl; Reinicke, Carl; Reinecke, Carl Heinrich; Rejneke, K., , Palestrina, Giov. Pierluigi da; Palestrina, G. Pierluigi da; Palestrina, G. P. da; Palestrina, G.P. da; Palestrina, Giovanni Pierluigi; Palestrina, Giovanni Pietro; Palestrina, Giovanni Petraloysio; Palestrina, Giovanni L.; Palestrina, Giovanni; Palestrina, G. P.; Palestrina, G.P.; Palestrina, Giovanni da; Palestrina, Giovanno; Palestrina, C. P. da; Palestrina, C.P. da; Palestrina, Jean Pierluigi de; Palestrina, J. P.; Palestrina, J.P.; Palestrina, Joachim; Palestrina, Petrus Aloysius; Palestrina, Petrus A.; Palestrina, Pierluigi da; Palestrina, Pier Luigi; Palestrina, P. L. da; Palestrina, P.L. da; Palestrina; Palästrina, G.; Palestrino, Joannes P.; Praenestinius, Ioannes P.; Praenestinius, Joannes Petraloysius; Praenestinus, Joann Petraloysius; Praenestinius, Joannes P.; Praenestino, Joanne Petraloysio; Praenestino, Joanne Petro Aloysio; Praenestino, Joannis P.; Praenestino, Petro Aloysio; Praenestinus, Ioannes P.; Praenestinus, Joannes Petraloysius; Praenestinus, Jo. Petraloysius; Praenestinus, Joannes P.; Praenestinus, Joann. P.; Praenestinus, Joannes Petrus Aloysius; Prænestinus, Ioan. Petraloysius; Prænestinus, Ioannes Aloysius; Prænestinus, Johannes Petrus Aloysius; Prenestino, Giovanni Pierluigi da; Prenestino, Giovanni Pietro Aloysio; Prenestinus, Giovanni P.; Prenestinus, Petrus Aloysius; Pierluigi, Giovanni; Pierluigi da Palestrina, Giovanni; Da Palestrina, Giovanni Pierluigi; Da Palestrina, Pierluigi; DaPalestrina, Giovanni Pierluigi; Giannetto; Sante da Palestrina, Pier Luigi, , , Präludien, Orgel (1949)
Preludes, Orgel (1949), Bloch, Ernst, Choräle von verschiedener Art &#8230;. Wachet auf, ruft uns die Stimme
Choräle von verschiedener Art. Wachet auf, ruft uns die Stimme
Wachet auf, ruft uns die Stimme (Choralbearbeitung), BWV 645
Schübler-Choräle, BWV 645
Choräle von verschiedener Art &#8230; &lt;Wachet auf, ruft uns die Stimme&gt;
Choräle von verschiedener Art BWV 645 &#8211; 650. Wachet auf, ruft uns die Stimme
Sleepers wake, loud sounds the warning, Bach; Bach, G. S.; Bach, Iogann Sebastʹjan; Bach, Joh. Sebastian; Bach, Giov. Sebast.; Bach, Jean Sebastien; Bach, Jean Sebastian; Bach, J. Seb.; Bach, Sebastiano; Bach, John Sebastian; Bach, Iogann S.; Bach, Iogann Sebast&#x27;jan; Bach, Iogann Sebastian; Bach, Giovanni Sebastian; Bach, Johan Sebastian; Bach, Joannes Sebastianus; Bach, Giov. Seb.; Bach, Giovanni S.; Bāḵ, Jōhān Sebaṣtī&#x27;ān; Bach, I. S.; Bach, J.-S.; Bach, Giovanni Sebastiano; Bach, Jean-Sebastien; Bach, Sebastian; Bach, Jan Sebastian; Bach, J. S.; Bach, Johann-Sebastian; Bach, Jean S.; Bach, Johannes S.; Bach, Johannes Sebastian; Bach, Joh. Seb.; Bach, Joh.-Seb.; Bach, Joh. Sebas.; Bach, Johann Seb.; Bach, Joh. Sebast.; Bach, Johann S.; Bach, Iogann Sebastjan; Bach, Jean Sébastien; Bach, Jean-Sébastien; Bach, Johann; Bakh, Iogann Sebastian, </p>

<p>Erst als Frauen als Chorsängerinnen im Gottesdienst zugelassen wurden, also erst ab dem 19. Jahrhundert, entstanden vermehrt geistliche Kompositionen für Frauenchor. Während die deutschen Romantiker dem schwebenden Klang der Oberstimmen durch das hinzugefügte Klavier eine Basis verleihen, zielt Palestrinas Komposition für vier Oberstimmen bewußt auf einen ätherischen, himmlischen Klang ab.</p>
