{"id":58387,"date":"2026-01-17T12:46:39","date_gmt":"2026-01-17T11:46:39","guid":{"rendered":"https:\/\/noonsong.de\/event\/noonsong-event-2026-01-10\/"},"modified":"2026-01-17T12:46:39","modified_gmt":"2026-01-17T11:46:39","slug":"noonsong-event-2026-01-10","status":"publish","type":"tribe_events","link":"https:\/\/noonsong.de\/en\/event\/noonsong-event-2026-01-10\/","title":{"rendered":"743. NoonSong am 10.01.2026 um 12:00 Facettenreiche Weihnachtsmusik zum Jahresbeginn"},"content":{"rendered":"\n<div class=\"wp-block-group is-layout-constrained wp-block-group-is-layout-constrained\">\n\n<h2 class=\"wp-block-heading\">Programme<\/h2>\n\n\n\n<p>\n<strong>Organ prelude<\/strong>: Antonio Vivaldi (1678-1741): Concerto Nr. 4 &quot;Winter&quot; f-moll 1. Teil Allegro non molto (Bearbeitung: J. Scott)<br\/><strong>Preces<\/strong>: Philip Radcliffe (1905-1986): Preces &amp; Responses f\u00fcr vierstimmig gemischten Chor a cappella<br\/><strong>Psalm of the day<\/strong>: Psalm 100: Felix Mendelssohn Bartholdy (1809-1847): Jauchzet dem Herrn, alle Welt f\u00fcr vier- bis achtstimmig gemischten Chor a cappella<br\/><strong>Psalm of the week<\/strong>: Psalm 89: Francesco Durante (1694-1755): Misericordias Domini f\u00fcr achtstimmig gemischten Chor a cappella<br\/><strong>Responsorium<\/strong>: gregorianisch\n\n<br\/><strong>Canticle<\/strong>: Samuel Scheidt (1587-1654): Magnificat (SSWV 299) mit weihnachtlichen Einlages\u00e4tzen f\u00fcr f\u00fcnfstimmig gemischten Chor und Continuo<br\/><strong>Hymn<\/strong>: anonym (Paris 1681): Christus, das Licht der Welt f\u00fcr vierstimmig gemischten Chor a cappella<br\/><strong>Organ postlude<\/strong>: Antonio Vivaldi (1678-1741): Concerto Nr. 4 &quot;Winter&quot; f-moll 3. Teil Allegro (Bearbeitung: J. Scott)<br\/><strong>Bible reading<\/strong>: Evangelium nach Matth\u00e4us 3,13-17<\/p>\n\n\n\n<div style=\"height:30px\" aria-hidden=\"true\" class=\"wp-block-spacer\"><\/div>\n\n\n\n<blockquote class=\"wp-block-quote is-layout-flow wp-block-quote-is-layout-flow\" style=\"font-family:Playfair-Display\">\nLiturgy: 1. Sonntag nach Epiphanias<br>\nPfarrerin: Anna Kim-Chi Nguyen-Huu<br>\nOrganistin: Karolina Juodelyte<br>\nLocation: <a href=\"\/kontakt\/#anker-kommen-sie-vorbei\">Kirche am Hohenzollernplatz<\/a>\n<\/blockquote>\n\n<\/div>\n\n<div style=\"height:20px\" aria-hidden=\"true\" class=\"wp-block-spacer\"><\/div>\n\n\n\n<div class=\"wp-block-group is-layout-constrained wp-block-group-is-layout-constrained\">\n<h2 class=\"wp-block-heading\">Listen<\/h2>\n\n\n\n\n<p>Here you can listen to this NoonSong. If you&#8217;d like to listen to more NoonSongs recordings, please register.<\/p>\n\n<div class=\"um-locked-content\">\n\t<div class=\"um-locked-content-msg\">This content has been restricted to logged-in users only. Please <a href=\"https:\/\/noonsong.de\/en\/login-audio-archive\/?redirect_to=https%3A%2F%2Fnoonsong.de%2Fen%2Fwp-json%2Fwp%2Fv2%2Ftribe_events%2F58387\">log in<\/a> to view this content.<\/div>\n<\/div>\n<\/div>\n\n<div style=\"height:20px\" aria-hidden=\"true\" class=\"wp-block-spacer\"><\/div>\n\n\n\n<div class=\"wp-block-group is-layout-constrained wp-block-group-is-layout-constrained\">\n\n<h2 class=\"wp-block-heading\">Watch<\/h2>\n\n\n\n\n<p>Experience the recorded live-stream of this NoonSong.<\/p>\n\n\n\n\n\n<p>You&#8217;ll find many selected video recordings of NoonSongs and other concerts on our <a href=\"https:\/\/youtube.com\/sirventesberlin\" target=\"_blank\" rel=\"noreferrer noopener\">YouTube channel<\/a>.\n<\/p>\n\n\n\n\n<div style=\"height:1em\" aria-hidden=\"true\" class=\"wp-block-spacer\"><\/div>\n<div class=\"um-locked-content\">\n\t<div class=\"um-locked-content-msg\">This content has been restricted to logged-in users only. Please <a href=\"https:\/\/noonsong.de\/en\/login-audio-archive\/?redirect_to=https%3A%2F%2Fnoonsong.de%2Fen%2Fwp-json%2Fwp%2Fv2%2Ftribe_events%2F58387\">log in<\/a> to view this content.<\/div>\n<\/div>\n\n<div style=\"height:20px\" aria-hidden=\"true\" class=\"wp-block-spacer\"><\/div>\n\n<\/div>\n\n<div style=\"height:20px\" aria-hidden=\"true\" class=\"wp-block-spacer\"><\/div>\n\n\n\n<div class=\"wp-block-group is-layout-constrained wp-block-group-is-layout-constrained\">\n\n<h2 class=\"wp-block-heading\">Programme PDF<\/h2>\n\n\n\n\n<p>Read more about this NoonSong in the programme document.<\/p>\n\n\n\n\n<div style=\"height:1em\" aria-hidden=\"true\" class=\"wp-block-spacer\"><\/div>\n\n\n\n<figure class=\"wp-block-image aligncenter is-resized\">\n<a target=\"_blank\" rel=\"noopener noreferrer\" href=\"https:\/\/noonsong.de\/wp-content\/uploads\/2026\/01\/2026-01-10-Liturgie.pdf\">\n<img decoding=\"async\" src=\"https:\/\/noonsong.de\/wp-content\/uploads\/2026\/01\/2026-01-10-Liturgie-pdf.jpg\" alt=\"\" style=\"max-height:45em; max-width:61.8%\" \/>\n<br>\nPDF DOWNLOAD\n<\/a>\n<\/figure>\n\n\n\n<div style=\"height:20px\" aria-hidden=\"true\" class=\"wp-block-spacer\"><\/div>\n\n<\/div>\n\n<div style=\"height:50px\" aria-hidden=\"true\" class=\"wp-block-spacer\"><\/div>\n\n\n\n<p hidden>, , , Radcliffe, Philip F.; Radcliffe, Philip Fitzhugh, Psalm 100, MWV B 45\nJauchzet dem Herrn, alle Welt\nDer 100. Psalm, Mendelssohn-Bartholdy, Felix; Mendelssohn-Bartholdi, Felix; Mendelssohn Bartholdi; Mendelssohn-Bartholdy, Felix; Mendelssohn B., Felix; Mendelssohn Bartholdy, Jakob Ludwig Felix; Mendelssohn-Bartholdy, Jakob Ludwig Felix; Mendelssohn-Bartholdy, Jacob Ludwig Felix; Mendelssohn Bartholdy, Felix Jakob; Mendelssohn, Jakob Ludwig Felix; Mendelssohn Bartholdy, F.; Mendelssohn Bartholdy; Mendelssohn-Bartholdy; Mendelssohn; F.; Mendelson-Bartoldi, Feliks; Mendel\u02b9son-Bartol\u02b9di, Feliks; Mendelsson-Bartholdy, Felix; Mendelsohn-Bartholdy, Felix; Bartholdy, Felix Mendelssohn; Mendelssohn, Felix; Mendelssohn, F.; Mendelssohn-Bartholdy, F.; Mendelssohn Batholdy, Felix; Mendel&#x27;son, Feliks; Mendel&#x27;son, F., , Durante, F.; Durante, Pasquale-Francesco, , Scheidt, &#8230;; Scheidt, Sam; Scheit, Samuel; Scheidt, S.; Scheidt, Sam., , Anonymus, Il cimento dell&#x27;armonia e dell&#x27;inventione. N. 4, L&#x27;inverno\nDer Winter\nL&#x27; inverno\nWinter\nL&#x27; hiver\nIl cimento dell&#x27;armonia e dell&#x27;inventione &lt;Konzert RV 297&gt; \nIl cimento dell&#x27;armonia e dell&#x27;inventione. Konzert R 297\nop. 8, Nr. 4\nRV 297, , Il cimento dell&#x27;armonia e dell&#x27;inventione. N. 4, L&#x27;inverno\nDer Winter\nL&#x27; inverno\nWinter\nL&#x27; hiver\nIl cimento dell&#x27;armonia e dell&#x27;inventione &lt;Konzert RV 297&gt;\nIl cimento dell&#x27;armonia e dell&#x27;inventione. Konzert R 297\nop. 8, Nr. 4\nRV 297, , <\/p>\n\n","protected":false},"excerpt":{"rendered":"<p>Im Zentrum des ersten NoonSongs im neuen Jahr steht das gro\u00dfe Magnificat von Samuel Scheidt, das mit einer Vielzahl von deutschsprachigen Weihnachtsliedern durchsetzt ist. Von diesem einzigartigen Zeugnis fr\u00fchbarocker Musik spannt sich der stilistische Bogen bis hin zu Mendelssohns beliebter Motette &#8220;Jauchzet dem Herrn alle Welt&#8221;.<\/p>\n","protected":false},"author":16,"featured_media":58371,"template":"","meta":{"_et_pb_use_builder":"","_et_pb_old_content":"","_et_gb_content_width":"","_tribe_events_status":"","_tribe_events_status_reason":"","footnotes":""},"tags":[761,115,248,143,110],"tribe_events_cat":[722,743,723,711,712,716,717,719,729,708,735,725,744,720],"class_list":["post-58387","tribe_events","type-tribe_events","status-publish","has-post-thumbnail","hentry","tag-antonio-vivaldi","tag-felix-mendelssohn-bartholdy","tag-francesco-durante","tag-philip-radcliffe","tag-samuel-scheidt","tribe_events_cat-20-jahrhundert","tribe_events_cat-audio","tribe_events_cat-barock","tribe_events_cat-berlin","tribe_events_cat-chor","tribe_events_cat-gottesdienst","tribe_events_cat-kirche","tribe_events_cat-konzert","tribe_events_cat-liturgie","tribe_events_cat-noonsong","tribe_events_cat-pdf","tribe_events_cat-romantik","tribe_events_cat-video","tribe_events_cat-vokal","cat_20-jahrhundert","cat_audio","cat_barock","cat_berlin","cat_chor","cat_gottesdienst","cat_kirche","cat_konzert","cat_liturgie","cat_noonsong","cat_pdf","cat_romantik","cat_video","cat_vokal"],"acf":[],"_links":{"self":[{"href":"https:\/\/noonsong.de\/en\/wp-json\/wp\/v2\/tribe_events\/58387","targetHints":{"allow":["GET"]}}],"collection":[{"href":"https:\/\/noonsong.de\/en\/wp-json\/wp\/v2\/tribe_events"}],"about":[{"href":"https:\/\/noonsong.de\/en\/wp-json\/wp\/v2\/types\/tribe_events"}],"author":[{"embeddable":true,"href":"https:\/\/noonsong.de\/en\/wp-json\/wp\/v2\/users\/16"}],"version-history":[{"count":4,"href":"https:\/\/noonsong.de\/en\/wp-json\/wp\/v2\/tribe_events\/58387\/revisions"}],"predecessor-version":[{"id":58514,"href":"https:\/\/noonsong.de\/en\/wp-json\/wp\/v2\/tribe_events\/58387\/revisions\/58514"}],"wp:featuredmedia":[{"embeddable":true,"href":"https:\/\/noonsong.de\/en\/wp-json\/wp\/v2\/media\/58371"}],"wp:attachment":[{"href":"https:\/\/noonsong.de\/en\/wp-json\/wp\/v2\/media?parent=58387"}],"wp:term":[{"taxonomy":"post_tag","embeddable":true,"href":"https:\/\/noonsong.de\/en\/wp-json\/wp\/v2\/tags?post=58387"},{"taxonomy":"tribe_events_cat","embeddable":true,"href":"https:\/\/noonsong.de\/en\/wp-json\/wp\/v2\/tribe_events_cat?post=58387"}],"curies":[{"name":"wp","href":"https:\/\/api.w.org\/{rel}","templated":true}]}}

<div class="wp-block-group is-layout-constrained wp-block-group-is-layout-constrained">

<h2 class="wp-block-heading">Programme</h2>



<p>
<strong>Organ prelude</strong>: Antonio Vivaldi (1678-1741): Concerto Nr. 4 &quot;Winter&quot; f-moll 1. Teil Allegro non molto (Bearbeitung: J. Scott)<br/><strong>Preces</strong>: Philip Radcliffe (1905-1986): Preces &amp; Responses für vierstimmig gemischten Chor a cappella<br/><strong>Psalm of the day</strong>: Psalm 100: Felix Mendelssohn Bartholdy (1809-1847): Jauchzet dem Herrn, alle Welt für vier- bis achtstimmig gemischten Chor a cappella<br/><strong>Psalm of the week</strong>: Psalm 89: Francesco Durante (1694-1755): Misericordias Domini für achtstimmig gemischten Chor a cappella<br/><strong>Responsorium</strong>: gregorianisch

<br/><strong>Canticle</strong>: Samuel Scheidt (1587-1654): Magnificat (SSWV 299) mit weihnachtlichen Einlagesätzen für fünfstimmig gemischten Chor und Continuo<br/><strong>Hymn</strong>: anonym (Paris 1681): Christus, das Licht der Welt für vierstimmig gemischten Chor a cappella<br/><strong>Organ postlude</strong>: Antonio Vivaldi (1678-1741): Concerto Nr. 4 &quot;Winter&quot; f-moll 3. Teil Allegro (Bearbeitung: J. Scott)<br/><strong>Bible reading</strong>: Evangelium nach Matthäus 3,13-17</p>



<div style="height:30px" aria-hidden="true" class="wp-block-spacer"></div>



<blockquote class="wp-block-quote is-layout-flow wp-block-quote-is-layout-flow" style="font-family:Playfair-Display">
Liturgy: 1. Sonntag nach Epiphanias<br>
Pfarrerin: Anna Kim-Chi Nguyen-Huu<br>
Organistin: Karolina Juodelyte<br>
Location: <a href="/kontakt/#anker-kommen-sie-vorbei">Kirche am Hohenzollernplatz</a>
</blockquote>

</div>

<div style="height:20px" aria-hidden="true" class="wp-block-spacer"></div>



<div class="wp-block-group is-layout-constrained wp-block-group-is-layout-constrained">
<h2 class="wp-block-heading">Listen</h2>




<p>Here you can listen to this NoonSong. If you&#8217;d like to listen to more NoonSongs recordings, please register.</p>

<div class="um-locked-content">
	<div class="um-locked-content-msg">This content has been restricted to logged-in users only. Please <a href="https://noonsong.de/en/login-audio-archive/?redirect_to=https%3A%2F%2Fnoonsong.de%2Fen%2Fwp-json%2Fwp%2Fv2%2Ftribe_events%2F58387">log in</a> to view this content.</div>
</div>
</div>

<div style="height:20px" aria-hidden="true" class="wp-block-spacer"></div>



<div class="wp-block-group is-layout-constrained wp-block-group-is-layout-constrained">

<h2 class="wp-block-heading">Watch</h2>




<p>Experience the recorded live-stream of this NoonSong.</p>





<p>You&#8217;ll find many selected video recordings of NoonSongs and other concerts on our <a href="https://youtube.com/sirventesberlin" target="_blank" rel="noreferrer noopener">YouTube channel</a>.
</p>




<div style="height:1em" aria-hidden="true" class="wp-block-spacer"></div>
<div class="um-locked-content">
	<div class="um-locked-content-msg">This content has been restricted to logged-in users only. Please <a href="https://noonsong.de/en/login-audio-archive/?redirect_to=https%3A%2F%2Fnoonsong.de%2Fen%2Fwp-json%2Fwp%2Fv2%2Ftribe_events%2F58387">log in</a> to view this content.</div>
</div>

<div style="height:20px" aria-hidden="true" class="wp-block-spacer"></div>

</div>

<div style="height:20px" aria-hidden="true" class="wp-block-spacer"></div>



<div class="wp-block-group is-layout-constrained wp-block-group-is-layout-constrained">

<h2 class="wp-block-heading">Programme PDF</h2>




<p>Read more about this NoonSong in the programme document.</p>




<div style="height:1em" aria-hidden="true" class="wp-block-spacer"></div>



<figure class="wp-block-image aligncenter is-resized">
<a target="_blank" rel="noopener noreferrer" href="https://noonsong.de/wp-content/uploads/2026/01/2026-01-10-Liturgie.pdf">
<img decoding="async" src="https://noonsong.de/wp-content/uploads/2026/01/2026-01-10-Liturgie-pdf.jpg" alt="" style="max-height:45em; max-width:61.8%" />
<br>
PDF DOWNLOAD
</a>
</figure>



<div style="height:20px" aria-hidden="true" class="wp-block-spacer"></div>

</div>

<div style="height:50px" aria-hidden="true" class="wp-block-spacer"></div>



<p hidden>, , , Radcliffe, Philip F.; Radcliffe, Philip Fitzhugh, Psalm 100, MWV B 45
Jauchzet dem Herrn, alle Welt
Der 100. Psalm, Mendelssohn-Bartholdy, Felix; Mendelssohn-Bartholdi, Felix; Mendelssohn Bartholdi; Mendelssohn-Bartholdy, Felix; Mendelssohn B., Felix; Mendelssohn Bartholdy, Jakob Ludwig Felix; Mendelssohn-Bartholdy, Jakob Ludwig Felix; Mendelssohn-Bartholdy, Jacob Ludwig Felix; Mendelssohn Bartholdy, Felix Jakob; Mendelssohn, Jakob Ludwig Felix; Mendelssohn Bartholdy, F.; Mendelssohn Bartholdy; Mendelssohn-Bartholdy; Mendelssohn; F.; Mendelson-Bartoldi, Feliks; Mendelʹson-Bartolʹdi, Feliks; Mendelsson-Bartholdy, Felix; Mendelsohn-Bartholdy, Felix; Bartholdy, Felix Mendelssohn; Mendelssohn, Felix; Mendelssohn, F.; Mendelssohn-Bartholdy, F.; Mendelssohn Batholdy, Felix; Mendel&#x27;son, Feliks; Mendel&#x27;son, F., , Durante, F.; Durante, Pasquale-Francesco, , Scheidt, &#8230;; Scheidt, Sam; Scheit, Samuel; Scheidt, S.; Scheidt, Sam., , Anonymus, Il cimento dell&#x27;armonia e dell&#x27;inventione. N. 4, L&#x27;inverno
Der Winter
L&#x27; inverno
Winter
L&#x27; hiver
Il cimento dell&#x27;armonia e dell&#x27;inventione &lt;Konzert RV 297&gt; 
Il cimento dell&#x27;armonia e dell&#x27;inventione. Konzert R 297
op. 8, Nr. 4
RV 297, , Il cimento dell&#x27;armonia e dell&#x27;inventione. N. 4, L&#x27;inverno
Der Winter
L&#x27; inverno
Winter
L&#x27; hiver
Il cimento dell&#x27;armonia e dell&#x27;inventione &lt;Konzert RV 297&gt;
Il cimento dell&#x27;armonia e dell&#x27;inventione. Konzert R 297
op. 8, Nr. 4
RV 297, , </p>

<p>Im Zentrum des ersten NoonSongs im neuen Jahr steht das große Magnificat von Samuel Scheidt, das mit einer Vielzahl von deutschsprachigen Weihnachtsliedern durchsetzt ist. Von diesem einzigartigen Zeugnis frühbarocker Musik spannt sich der stilistische Bogen bis hin zu Mendelssohns beliebter Motette &#8220;Jauchzet dem Herrn alle Welt&#8221;.</p>
