{"id":58982,"date":"2026-04-27T04:00:54","date_gmt":"2026-04-27T02:00:54","guid":{"rendered":"https:\/\/noonsong.de\/event\/noonsong-event-2026-06-20\/"},"modified":"2026-04-27T04:00:54","modified_gmt":"2026-04-27T02:00:54","slug":"noonsong-event-2026-06-20","status":"publish","type":"tribe_events","link":"https:\/\/noonsong.de\/en\/event\/noonsong-event-2026-06-20\/","title":{"rendered":"765. NoonSong am 20.06.2026 um 12:00 Jubel und Wunder: Musik aus ferner Zeit"},"content":{"rendered":"\n<div class=\"wp-block-group is-layout-constrained wp-block-group-is-layout-constrained\">\n\n<h2 class=\"wp-block-heading\">Programme<\/h2>\n\n\n\n<p>\n<br\/><strong>Preces<\/strong>: Thomas Tomkins (1572-1656): Preces &amp; Responses f\u00fcr f\u00fcnfstimmig gemischten Chor a cappella<br\/><strong>Psalm of the day<\/strong>: Psalm 100: Orlando di Lasso (ca. 1532-1594): Jubilate Deo f\u00fcr vierstimmig gemischten Chor a cappella<br\/><strong>Psalm of the week<\/strong>: Psalm 103: William Child (1606-1697): Praise the Lord, O my soul f\u00fcr vierstimmig gemischten Chor und Continuo<br\/><strong>Responsorium<\/strong>: gregorianisch\n\n<br\/><strong>Canticle<\/strong>: Desprez Josquin (ca. 1440-1521): Tu solus qui facis mirabilia f\u00fcr vierstimmig gemischten Chor a cappella<br\/><strong>Hymn<\/strong>: Hans Leo Ha\u00dfler (1564-1612): Allein zu Dir, Herr Jesu Christ f\u00fcr vierstimmig gemischten Chor a cappella<br\/><strong>Bible reading<\/strong>: Evangelium nach Lukas 15,1-3.11-32<\/p>\n\n\n\n<div style=\"height:30px\" aria-hidden=\"true\" class=\"wp-block-spacer\"><\/div>\n\n\n\n<blockquote class=\"wp-block-quote is-layout-flow wp-block-quote-is-layout-flow\" style=\"font-family:Playfair-Display\">\nLiturgy: 3. Sonntag nach Trinitatis<br>\nPfarrer: Dr. Sebastian W. Stork<br>\nOrganist: Daniel Clark<br>\nLocation: <a href=\"\/kontakt\/#anker-kommen-sie-vorbei\">Kirche am Hohenzollernplatz<\/a>\n<\/blockquote>\n\n<\/div>\n\n<div style=\"height:20px\" aria-hidden=\"true\" class=\"wp-block-spacer\"><\/div>\n\n\n\n<div class=\"wp-block-group is-layout-constrained wp-block-group-is-layout-constrained\">\n\n<h2 class=\"wp-block-heading\">Watch<\/h2>\n\n\n\n\n<p>Experience the recorded live-stream of this NoonSong.<\/p>\n\n\n\n\n\n<p>You&#8217;ll find many selected video recordings of NoonSongs and other concerts on our <a href=\"https:\/\/youtube.com\/sirventesberlin\" target=\"_blank\" rel=\"noreferrer noopener\">YouTube channel<\/a>.\n<\/p>\n\n\n\n\n<div style=\"height:1em\" aria-hidden=\"true\" class=\"wp-block-spacer\"><\/div>\n\n<figure\nclass=\"wp-block-embed is-type-video is-provider-youtube wp-block-embed-youtube wp-embed-aspect-16-9 wp-has-aspect-ratio\">\n<div class=\"wp-block-embed__wrapper\">\n<iframe loading=\"lazy\" title=\"NoonSong am Samstag 20.06.2026, 12:00  - Jubel und Wunder: Musik aus ferner Zeit\" width=\"1080\" height=\"810\" src=\"https:\/\/www.youtube.com\/embed\/DXccdcHuT7Q?feature=oembed\"  allow=\"accelerometer; autoplay; clipboard-write; encrypted-media; gyroscope; picture-in-picture; web-share\" referrerpolicy=\"strict-origin-when-cross-origin\" allowfullscreen><\/iframe>\n<\/div>\n<\/figure>\n\n<div style=\"height:20px\" aria-hidden=\"true\" class=\"wp-block-spacer\"><\/div>\n\n<\/div>\n\n<div style=\"height:50px\" aria-hidden=\"true\" class=\"wp-block-spacer\"><\/div>\n\n\n\n<p hidden>, , , Tomkins, , Lasso, Orlando di; Lasso, Orlando de; Lassus, Rolando di; DiLasso, Orlando; Lassus, Orlandus di; Lassus, Orlando di; Lassus, Orlande de; Lassus, Rolando de; Lasso, Orlandi di; Lassus, Rolland de; Lassus, Orlando de; Orlando, Di Lasso; Lassvs, Orlando de; Di Lasso, Orlando; Lassus, Orlandus; Orlande De Lassus; Lassus, Roland de; De Lassus, Orlandus; De Lassus, Roland; Lassus, Orlandus de; Lassus, Orland de; De Lassus, Orland, , , , Josquin, des Prez; Jodocus, Pratensis; Deprez, Josquin; Des Pr\u00e8s, Josse; Jodocus, de Prato; Des Pr\u00e9s, Josquin; Pr\u00e9s, Josquin D.; Desprez, Josse; Josquin, Deprez; Josse, des Pr\u00e9s; Dupr\u00e9, Josquin; Josquin, des Pres; Depr\u00e8s, Josquin; Pres, Josquin de; DesPr\u00e8s, Josse; DesPr\u00e9s, Josquin; Josquin; Josquin Des Prez; Iosquin De Pr\u00e9; Desprez, Josquin; Pr\u00e9s, Josquin des; Despr\u00e9s, Josquin; Prez, Josquin des; Prez, Josquin Des; Prez, Josquin des, , Hassler, Hans Leo; Hassler, J. L.; Hasler, Jean Leo; Hasler, Hans Leo von; Hasler, Giovan Leo; Hasler, Ioannes Leo; Hasler, L.; Hasler, Hanns Leo; Hassler, Hans L.; Hasler, Hans L.; Hasler, Joanne Leone; Hasler, &#8230;; Hassler, Johann Leo; Hasler, Johann Leo; Hasler, Hans Leo; Hasler, Johannes Leo; Hasler, J. L.; Haslerus, Hans Leo; Hassler, H. L.; Hassler, L\u00e9o; Hassler, Hans Leo; Haslero, Joanne Leone, <\/p>\n\n","protected":false},"excerpt":{"rendered":"<p>Erhaben und eindringlich ist die hymnische Chormusik in diesem NoonSong. Insbesondere die \u00fcber 500 Jahre alte Komposition des &#8220;Meisters der Polyphonie&#8221; Desprez dr\u00fcckt die Wunderkraft Gottes bewegend aus. Diese Motette ist eines der wenigen Werke Josquins, das eher akkordisch als polyphon ist und dadurch einen eher hymnischen Charakter aufweist. Die satte, tiefe Lage der Stimmen erzeugt eine direkte, menschliche und eindringliche Wirkung. Wie h\u00e4ufig in der Renaissance, vermischen sich in diesem ber\u00fchmten Werk geistliche und weltliche Texte.<\/p>\n","protected":false},"author":16,"featured_media":58978,"template":"","meta":{"_et_pb_use_builder":"","_et_pb_old_content":"","_et_gb_content_width":"","_tribe_events_status":"","_tribe_events_status_reason":"","footnotes":""},"tags":[406,169,152,217,871],"tribe_events_cat":[723,711,712,716,717,719,729,708,724,744,720],"class_list":["post-58982","tribe_events","type-tribe_events","status-publish","has-post-thumbnail","hentry","tag-desprez-josquin","tag-hans-leo-hassler","tag-orlando-di-lasso","tag-thomas-tomkins","tag-william-child","tribe_events_cat-barock","tribe_events_cat-berlin","tribe_events_cat-chor","tribe_events_cat-gottesdienst","tribe_events_cat-kirche","tribe_events_cat-konzert","tribe_events_cat-liturgie","tribe_events_cat-noonsong","tribe_events_cat-renaissance","tribe_events_cat-video","tribe_events_cat-vokal","cat_barock","cat_berlin","cat_chor","cat_gottesdienst","cat_kirche","cat_konzert","cat_liturgie","cat_noonsong","cat_renaissance","cat_video","cat_vokal"],"acf":[],"_links":{"self":[{"href":"https:\/\/noonsong.de\/en\/wp-json\/wp\/v2\/tribe_events\/58982","targetHints":{"allow":["GET"]}}],"collection":[{"href":"https:\/\/noonsong.de\/en\/wp-json\/wp\/v2\/tribe_events"}],"about":[{"href":"https:\/\/noonsong.de\/en\/wp-json\/wp\/v2\/types\/tribe_events"}],"author":[{"embeddable":true,"href":"https:\/\/noonsong.de\/en\/wp-json\/wp\/v2\/users\/16"}],"version-history":[{"count":2,"href":"https:\/\/noonsong.de\/en\/wp-json\/wp\/v2\/tribe_events\/58982\/revisions"}],"predecessor-version":[{"id":59037,"href":"https:\/\/noonsong.de\/en\/wp-json\/wp\/v2\/tribe_events\/58982\/revisions\/59037"}],"wp:featuredmedia":[{"embeddable":true,"href":"https:\/\/noonsong.de\/en\/wp-json\/wp\/v2\/media\/58978"}],"wp:attachment":[{"href":"https:\/\/noonsong.de\/en\/wp-json\/wp\/v2\/media?parent=58982"}],"wp:term":[{"taxonomy":"post_tag","embeddable":true,"href":"https:\/\/noonsong.de\/en\/wp-json\/wp\/v2\/tags?post=58982"},{"taxonomy":"tribe_events_cat","embeddable":true,"href":"https:\/\/noonsong.de\/en\/wp-json\/wp\/v2\/tribe_events_cat?post=58982"}],"curies":[{"name":"wp","href":"https:\/\/api.w.org\/{rel}","templated":true}]}}

<div class="wp-block-group is-layout-constrained wp-block-group-is-layout-constrained">

<h2 class="wp-block-heading">Programme</h2>



<p>
<br/><strong>Preces</strong>: Thomas Tomkins (1572-1656): Preces &amp; Responses für fünfstimmig gemischten Chor a cappella<br/><strong>Psalm of the day</strong>: Psalm 100: Orlando di Lasso (ca. 1532-1594): Jubilate Deo für vierstimmig gemischten Chor a cappella<br/><strong>Psalm of the week</strong>: Psalm 103: William Child (1606-1697): Praise the Lord, O my soul für vierstimmig gemischten Chor und Continuo<br/><strong>Responsorium</strong>: gregorianisch

<br/><strong>Canticle</strong>: Desprez Josquin (ca. 1440-1521): Tu solus qui facis mirabilia für vierstimmig gemischten Chor a cappella<br/><strong>Hymn</strong>: Hans Leo Haßler (1564-1612): Allein zu Dir, Herr Jesu Christ für vierstimmig gemischten Chor a cappella<br/><strong>Bible reading</strong>: Evangelium nach Lukas 15,1-3.11-32</p>



<div style="height:30px" aria-hidden="true" class="wp-block-spacer"></div>



<blockquote class="wp-block-quote is-layout-flow wp-block-quote-is-layout-flow" style="font-family:Playfair-Display">
Liturgy: 3. Sonntag nach Trinitatis<br>
Pfarrer: Dr. Sebastian W. Stork<br>
Organist: Daniel Clark<br>
Location: <a href="/kontakt/#anker-kommen-sie-vorbei">Kirche am Hohenzollernplatz</a>
</blockquote>

</div>

<div style="height:20px" aria-hidden="true" class="wp-block-spacer"></div>



<div class="wp-block-group is-layout-constrained wp-block-group-is-layout-constrained">

<h2 class="wp-block-heading">Watch</h2>




<p>Experience the recorded live-stream of this NoonSong.</p>





<p>You&#8217;ll find many selected video recordings of NoonSongs and other concerts on our <a href="https://youtube.com/sirventesberlin" target="_blank" rel="noreferrer noopener">YouTube channel</a>.
</p>




<div style="height:1em" aria-hidden="true" class="wp-block-spacer"></div>

<figure
class="wp-block-embed is-type-video is-provider-youtube wp-block-embed-youtube wp-embed-aspect-16-9 wp-has-aspect-ratio">
<div class="wp-block-embed__wrapper">
<iframe loading="lazy" title="NoonSong am Samstag 20.06.2026, 12:00  - Jubel und Wunder: Musik aus ferner Zeit" width="1080" height="810" src="https://www.youtube.com/embed/DXccdcHuT7Q?feature=oembed"  allow="accelerometer; autoplay; clipboard-write; encrypted-media; gyroscope; picture-in-picture; web-share" referrerpolicy="strict-origin-when-cross-origin" allowfullscreen></iframe>
</div>
</figure>

<div style="height:20px" aria-hidden="true" class="wp-block-spacer"></div>

</div>

<div style="height:50px" aria-hidden="true" class="wp-block-spacer"></div>



<p hidden>, , , Tomkins, , Lasso, Orlando di; Lasso, Orlando de; Lassus, Rolando di; DiLasso, Orlando; Lassus, Orlandus di; Lassus, Orlando di; Lassus, Orlande de; Lassus, Rolando de; Lasso, Orlandi di; Lassus, Rolland de; Lassus, Orlando de; Orlando, Di Lasso; Lassvs, Orlando de; Di Lasso, Orlando; Lassus, Orlandus; Orlande De Lassus; Lassus, Roland de; De Lassus, Orlandus; De Lassus, Roland; Lassus, Orlandus de; Lassus, Orland de; De Lassus, Orland, , , , Josquin, des Prez; Jodocus, Pratensis; Deprez, Josquin; Des Près, Josse; Jodocus, de Prato; Des Prés, Josquin; Prés, Josquin D.; Desprez, Josse; Josquin, Deprez; Josse, des Prés; Dupré, Josquin; Josquin, des Pres; Deprès, Josquin; Pres, Josquin de; DesPrès, Josse; DesPrés, Josquin; Josquin; Josquin Des Prez; Iosquin De Pré; Desprez, Josquin; Prés, Josquin des; Després, Josquin; Prez, Josquin des; Prez, Josquin Des; Prez, Josquin des, , Hassler, Hans Leo; Hassler, J. L.; Hasler, Jean Leo; Hasler, Hans Leo von; Hasler, Giovan Leo; Hasler, Ioannes Leo; Hasler, L.; Hasler, Hanns Leo; Hassler, Hans L.; Hasler, Hans L.; Hasler, Joanne Leone; Hasler, &#8230;; Hassler, Johann Leo; Hasler, Johann Leo; Hasler, Hans Leo; Hasler, Johannes Leo; Hasler, J. L.; Haslerus, Hans Leo; Hassler, H. L.; Hassler, Léo; Hassler, Hans Leo; Haslero, Joanne Leone, </p>

<p>Erhaben und eindringlich ist die hymnische Chormusik in diesem NoonSong. Insbesondere die über 500 Jahre alte Komposition des &#8220;Meisters der Polyphonie&#8221; Desprez drückt die Wunderkraft Gottes bewegend aus. Diese Motette ist eines der wenigen Werke Josquins, das eher akkordisch als polyphon ist und dadurch einen eher hymnischen Charakter aufweist. Die satte, tiefe Lage der Stimmen erzeugt eine direkte, menschliche und eindringliche Wirkung. Wie häufig in der Renaissance, vermischen sich in diesem berühmten Werk geistliche und weltliche Texte.</p>
